{"version":"1.0","provider_name":"DMD2 \u2013 Hintergrundmusik f\u00fcr Unternehmen","provider_url":"https:\/\/dmd2dev.smartkmu.com\/it\/","title":"Intervista di Music Talk con Henrik Belden - DMD2 \u2013 Hintergrundmusik f\u00fcr Unternehmen","type":"rich","width":600,"height":338,"html":"<blockquote class=\"wp-embedded-content\" data-secret=\"vcabrfEN49\"><a href=\"https:\/\/dmd2dev.smartkmu.com\/it\/2024\/06\/27\/intervista-di-music-talk-con-henrik-belden\/\">Intervista di Music Talk con Henrik Belden<\/a><\/blockquote><iframe sandbox=\"allow-scripts\" security=\"restricted\" src=\"https:\/\/dmd2dev.smartkmu.com\/it\/2024\/06\/27\/intervista-di-music-talk-con-henrik-belden\/embed\/#?secret=vcabrfEN49\" width=\"600\" height=\"338\" title=\"&#8220;Intervista di Music Talk con Henrik Belden&#8221; &#8212; DMD2 \u2013 Hintergrundmusik f\u00fcr Unternehmen\" data-secret=\"vcabrfEN49\" frameborder=\"0\" marginwidth=\"0\" marginheight=\"0\" scrolling=\"no\" class=\"wp-embedded-content\"><\/iframe><script>\n\/*! This file is auto-generated *\/\n!function(d,l){\"use strict\";l.querySelector&&d.addEventListener&&\"undefined\"!=typeof URL&&(d.wp=d.wp||{},d.wp.receiveEmbedMessage||(d.wp.receiveEmbedMessage=function(e){var t=e.data;if((t||t.secret||t.message||t.value)&&!\/[^a-zA-Z0-9]\/.test(t.secret)){for(var s,r,n,a=l.querySelectorAll('iframe[data-secret=\"'+t.secret+'\"]'),o=l.querySelectorAll('blockquote[data-secret=\"'+t.secret+'\"]'),c=new RegExp(\"^https?:$\",\"i\"),i=0;i<o.length;i++)o[i].style.display=\"none\";for(i=0;i<a.length;i++)s=a[i],e.source===s.contentWindow&&(s.removeAttribute(\"style\"),\"height\"===t.message?(1e3<(r=parseInt(t.value,10))?r=1e3:~~r<200&&(r=200),s.height=r):\"link\"===t.message&&(r=new URL(s.getAttribute(\"src\")),n=new URL(t.value),c.test(n.protocol))&&n.host===r.host&&l.activeElement===s&&(d.top.location.href=t.value))}},d.addEventListener(\"message\",d.wp.receiveEmbedMessage,!1),l.addEventListener(\"DOMContentLoaded\",function(){for(var e,t,s=l.querySelectorAll(\"iframe.wp-embedded-content\"),r=0;r<s.length;r++)(t=(e=s[r]).getAttribute(\"data-secret\"))||(t=Math.random().toString(36).substring(2,12),e.src+=\"#?secret=\"+t,e.setAttribute(\"data-secret\",t)),e.contentWindow.postMessage({message:\"ready\",secret:t},\"*\")},!1)))}(window,document);\n\/\/# sourceURL=https:\/\/dmd2dev.smartkmu.com\/wp-includes\/js\/wp-embed.min.js\n<\/script>\n","thumbnail_url":"https:\/\/dmd2dev.smartkmu.com\/wp-content\/uploads\/2024\/06\/YouTube-Thumbnail-1280x720-px-Custom-dimensions-10-1024x670.jpeg","thumbnail_width":1024,"thumbnail_height":670,"description":"L&#8217;ultimo album di Henrik Belden \u00e8 stato pubblicato nel 2016. Dopo di che, il musicista lucernese si \u00e8 zittito. In realt\u00e0 voleva solo prendersi una breve pausa, ma Corona gli ha fatto prendere una pausa che \u00e8 durata sette anni. Ora \u00e8 finalmente tornato e ci sta deliziando con tante nuove canzoni. Il suo nuovo [&hellip;]"}

DMD2 – Hintergrundmusik für Unternehmen

Intervista di Music Talk con Henrik Belden - DMD2 – Hintergrundmusik für Unternehmen

<blockquote class="wp-embedded-content" data-secret="vcabrfEN49"><a href="https://dmd2dev.smartkmu.com/it/2024/06/27/intervista-di-music-talk-con-henrik-belden/">Intervista di Music Talk con Henrik Belden</a></blockquote><iframe sandbox="allow-scripts" security="restricted" src="https://dmd2dev.smartkmu.com/it/2024/06/27/intervista-di-music-talk-con-henrik-belden/embed/#?secret=vcabrfEN49" width="600" height="338" title="&#8220;Intervista di Music Talk con Henrik Belden&#8221; &#8212; DMD2 – Hintergrundmusik für Unternehmen" data-secret="vcabrfEN49" frameborder="0" marginwidth="0" marginheight="0" scrolling="no" class="wp-embedded-content"></iframe><script>
/*! This file is auto-generated */
!function(d,l){"use strict";l.querySelector&&d.addEventListener&&"undefined"!=typeof URL&&(d.wp=d.wp||{},d.wp.receiveEmbedMessage||(d.wp.receiveEmbedMessage=function(e){var t=e.data;if((t||t.secret||t.message||t.value)&&!/[^a-zA-Z0-9]/.test(t.secret)){for(var s,r,n,a=l.querySelectorAll('iframe[data-secret="'+t.secret+'"]'),o=l.querySelectorAll('blockquote[data-secret="'+t.secret+'"]'),c=new RegExp("^https?:$","i"),i=0;i<o.length;i++)o[i].style.display="none";for(i=0;i<a.length;i++)s=a[i],e.source===s.contentWindow&&(s.removeAttribute("style"),"height"===t.message?(1e3<(r=parseInt(t.value,10))?r=1e3:~~r<200&&(r=200),s.height=r):"link"===t.message&&(r=new URL(s.getAttribute("src")),n=new URL(t.value),c.test(n.protocol))&&n.host===r.host&&l.activeElement===s&&(d.top.location.href=t.value))}},d.addEventListener("message",d.wp.receiveEmbedMessage,!1),l.addEventListener("DOMContentLoaded",function(){for(var e,t,s=l.querySelectorAll("iframe.wp-embedded-content"),r=0;r<s.length;r++)(t=(e=s[r]).getAttribute("data-secret"))||(t=Math.random().toString(36).substring(2,12),e.src+="#?secret="+t,e.setAttribute("data-secret",t)),e.contentWindow.postMessage({message:"ready",secret:t},"*")},!1)))}(window,document);
//# sourceURL=https://dmd2dev.smartkmu.com/wp-includes/js/wp-embed.min.js
</script>

L&#8217;ultimo album di Henrik Belden è stato pubblicato nel 2016. Dopo di che, il musicista lucernese si è zittito. In realtà voleva solo prendersi una breve pausa, ma Corona gli ha fatto prendere una pausa che è durata sette anni. Ora è finalmente tornato e ci sta deliziando con tante nuove canzoni. Il suo nuovo [&hellip;]
